421400 (base 10) in base 2?
-1100110111000011000
What is -1020001212102012 (base 3) in base 12?
-5a76395
What is ab07c (base 13) in base 4?
1023221320
Convert -4174491 (base 10) to base 15.
-576d46
-346945 (base 14) to base 7
-21114215
1444314 (base 7) to base 9
327780
What is bbe58 (base 16) in base 15?
103084
Convert 6993a (base 14) to base 9.
431484
2412002 (base 5) to base 7
244052
What is 1cbc70a (base 13) in base 2?
100100101101100111110101
11031530 (base 7) to base 14
1a9bc0
Convert -442242311 (base 5) to base 3.
-10121022100012
Convert 75563 (base 11) to base 16.
1acf8
What is -611354 (base 7) in base 9?
-167312
-60a6c (base 14) to base 15
-48d87
-2674584 (base 9) to base 7
-15315340
924296 (base 12) to base 16
22ea92
-10011011101111111100 (base 2) to base 10
-637948
What is 2787410 (base 12) in base 10?
7892364
What is -34452225 (base 8) in base 5?
-3404232012
Convert 3b7d (base 16) to base 15.
47a4
-1256560 (base 7) to base 9
-272154
4030303310 (base 5) to base 8
36567601
Convert -1025736 (base 8) to base 13.
-9757a
What is 179e79 (base 15) in base 14?
21c205
-29a245 (base 11) to base 14
-c250c
Convert 423145243 (base 6) to base 14.
db688b
Convert -1c6b8 (base 13) to base 14.
-16626
16723122 (base 8) to base 10
3909202
What is -1152121 (base 8) in base 3?
-121002011010
Convert -26031a4 (base 11) to base 3.
-22111022120110
What is -131860 (base 9) in base 15?
-18b43
22123 (base 12) to base 13
176b2
Convert 23202302 (base 4) to base 14.
13334
364606 (base 11) to base 6
20211315
What is -222120022010 (base 3) in base 11?
-327965
-115599 (base 14) to base 2
-10010000010011100011
Convert -1b21545 (base 12) to base 2.
-10101111111111111000101
What is 18b4a8 (base 12) in base 9?
731832
47276 (base 11) to base 3
10110120011
What is 13b668 (base 15) in base 10?
949823
305222 (base 7) to base 8
146032
Convert 172936 (base 15) to base 5.
241410301
Convert 561ba8 (base 13) to base 2.
111110000000110011001
103320451 (base 6) to base 2
111000010100110101111
-125533 (base 16) to base 10
-1201459
What is -1189caa (base 15) in base 6?
-1125450511
Convert a3698 (base 11) to base 5.
14314421
Convert 1523633 (base 7) to base 12.
a0335
-418542 (base 9) to base 16
-3ccc8
6603380 (base 9) to base 15
4a077c
-319ca4 (base 13) to base 2
-100011100010001010111
-1000113554 (base 6) to base 12
-34658ba
Convert 2420313 (base 6) to base 15.
27a00
Convert -5452 (base 13) to base 7.
-46123
What is 5656340 (base 7) in base 2?
10101011101101011101
What is -42313102 (base 5) in base 10?
-354152
120110021002 (base 3) to base 4
1022100320
Convert -2357a5 (base 11) to base 12.
-16028a
-113310441 (base 5) to base 7
-4316534
Convert -15451354 (base 7) to base 8.
-5541136
-508662 (base 10) to base 9
-854670
What is -62338 (base 10) in base 7?
-346513
Convert 624857 (base 10) to base 6.
21220505
What is -1577186 (base 9) in base 5?
-211043000
-3c9080 (base 16) to base 14
-7546ac
-1625744 (base 8) to base 15
-943c8
Convert 126cc9 (base 13) to base 10.
443790
Convert -230322322 (base 4) to base 6.
-3535454
-3725685 (base 13) to base 7
-265522143
Convert -2220100110 (base 3) to base 13.
-1ccc8
-1212540 (base 9) to base 15
-cee69
-2b19 (base 13) to base 11
-4795
Convert -10101111010110011000 (base 2) to base 7.
-6050654
-244935 (base 10) to base 3
-110102222200
Convert -480e22 (base 15) to base 5.
-1340230212
Convert 337910 (base 10) to base 9.
564465
1432703 (base 8) to base 3
202200021022
-111250 (base 10) to base 2
-11011001010010010
401664 (base 7) to base 2
10000100101000111
Convert -2429d (base 14) to base 9.
-144154
565253 (base 10) to base 3
1001201101022
489156 (base 10) to base 7
4105053
What is 6118 (base 10) in base 6?
44154
What is 6378 (base 12) in base 16?
2a8c
What is 25543541 (base 6) in base 10?
838069
Convert -1e910 (base 16) to base 6.
-2403344
Convert -11266654 (base 7) to base 10.
-991603
Convert 580a9c (base 16) to base 4.
112000222130
What is 203c24 (base 14) in base 15?
166cc9
What is 323532 (base 6) in base 16?
6890
Convert -106426542 (base 7) to base 8.
-30757242
9459b7 (base 13) to base 3
20112012221100
Convert 27ad01 (base 15) to base 16.
1d2429
3463313 (base 7) to base 16
6a637
What is -18208591 (base 10) in base 4?
-1011131131033
What is -142434 (base 9) in base 13?
-30856
Convert -4900c (base 16) to base 13.
-a6147
Convert 2204761 (base 10) to base 3.
11011000100211
Convert 425140322 (base 6) to base 5.
3411242243
-1158da (base 14) to base 15
-ba4d0
Convert 945257 (base 12) to base 4.
20321030203
15a1b2 (base 12) to base 10
370070
Convert 132213110 (base 5) to base 14.
133b50
261077 (base 13) to base 14
19bca3
-100100110010000010010 (base 2) to base 6
-41455534
What is -36a8093 (base 11) in base 15?
-8728ee
101010011001110000100 (base 2) to base 4
11103032010
-11121022011 (base 3) to base 6
-1535304
3131eb (base 16) to base 7
36255354
What is -101112303102 (base 4) in base 8?
-21266322
Convert -bc77c (base 13) to base 11.
-2138a7
What is 1111000111111001110110 (base 2) in base 15?
534a24
Convert -1201220220011 (base 3) to base 13.
-2644b7
214652 (base 9) to base 6
2425032
-2ad179 (base 14) to base 16
-16d2e7
What is 8d01 (base 15) in base 2?
111010011100110
72421 (base 11) to base 14
2a70c
Convert 48194 (base 13) to base 10.
132110
What is -27bda (base 14) in base 9?
-158860
-34c7ca (base 14) to base 11
-1020641
-a811b5 (base 12) to base 16
-2887d9
Convert -5341213 (base 6) to base 3.
-111022112000
Convert -2804485 (base 10) to base 9.
-5244024
32310323231 (base 4) to base 13
a611cb
Convert -3604455 (base 10) to base 6.
-205131143
What is 79753 (base 11) in base 13?
40689
-340024 (base 6) to base 12
-14614
Convert 2ae909 (base 15) to base 10.
2074284
-1235a (base 13) to base 11
-23219
-20000313 (base 4) to base 9
-50020
-21687a (base 11) to base 16
-546b8
What is 35018 (base 16) in base 14?
591a0
Convert 12144243 (base 8) to base 7.
31501300
-16ab09 (base 15) to base 9
-2055030
-14054453 (base 8) to base 14
-5c6a15
Convert 515a2 (base 13) to base 6.
3043455
Convert 3456425 (base 7) to base 15.
88ad8
What is -4f748 (base 16) in base 14?
-86864
What is 43b62 (base 12) in base 11?
61504
4ac995 (base 13) to base 10
1798789
37b6cb (base 14) to base 7
22160644
Convert 1131402 (base 5) to base 15.
62a2
Convert 5452241 (base 6) to base 11.
1759a1
Convert 112320241 (base 5) to base 7.
4224624
-11a8bc8 (base 13) to base 3
-101100121010100
100200101111 (base 3) to base 7
1422355
Convert -9828d1 (base 14) to base 11.
-2a01019
What is 3716a (base 13) in base 10?
101319
Convert 5ee069 (base 15) to base 6.
241330330
-bab541 (base 15) to base 2
-100001111100010010010110
-110003342 (base 5) to base 9
-784577
What is 106041 (base 8) in base 12?
18915
-33230102 (base 4) to base 15
-1409e
Convert -1233130303 (base 4) to base 2.
-1101111011100110011
What is 100001001110011110101 (base 2) in base 14?
204ac5
What is 1330300310 (base 4) in base 2?
1111100110000110100
Convert 14001022 (base 6) to base 10.
466790
What is 5703 (base 15) in base 16?
4815
What is 1288675 (base 9) in base 2?
10101100111100111101
Convert 1960052 (base 10) to base 8.
7364164
Convert 452412402 (base 6) to base 12.
2917102
39046 (base 11) to base 9
84668
Convert -1361236 (base 7) to base 2.
-101100101010100000
What is -1032012201 (base 4) in base 12?
-135169
-213132111 (base 4) to base 13
-58794
-246773 (base 8) to base 11
-59267
-5b5c72 (base 13) to base 10
-2183742
-2202231 (base 8) to base 9
-1100627
What is 21201100111212 (base 3) in base 14?
78a767
33201311 (base 4) to base 5
4013410
110011010010011011 (base 2) to base 7
1533315
Convert -15a929 (base 11) to base 10.
-248686
Convert 202416 (base 8) to base 7.
365561
82156c (base 15) to base 3
102122000112110
What is 13617433 (base 8) in base 6?
150105003
1003214430 (base 5) to base 12
8098aa
Convert 1b98b11 (base 12) to base 3.
102011000211011
What is -b2282 (base 14) in base 5?
-102203240
What is 121023012212 (base 4) in base 9?
13367208
What is 18acb7 (base 14) in base 5?
211000410
518741 (base 9) to base 4
1023100102
34214240 (base 5) to base 6
10304520
-55abbd (base 16) to base 14
-a62177
Convert 4501536 (base 7) to base 8.
2074356
a54930 (base 12) to base 14
4b987a
-a2648 (base 11) to base 13
-5328c
What is 596ca (base 15) in base 11?